 26?
27
In base 2, what is -1000 + 11000110?
10111110
In base 2, what is 100 + -101000?
-100100
In base 2, what is 1010 + 111100?
1000110
In base 12, what is -7 - 7b7?
-802
In base 6, what is 444 - 2?
442
In base 6, what is 5 - -2?
11
In base 5, what is -233310 - -1?
-233304
In base 2, what is -10000000 - -11?
-1111101
In base 13, what is 18 + 807?
822
In base 16, what is c - 196?
-18a
In base 8, what is 130 - 5?
123
In base 2, what is 100110 + 1000?
101110
In base 9, what is 2 + -12473?
-12471
In base 7, what is 1 + 403?
404
In base 10, what is 102 + -4?
98
In base 5, what is -3 + -124310?
-124313
In base 6, what is -44 - 541?
-1025
In base 12, what is 21a - 2?
218
In base 8, what is 103 + -6?
75
In base 5, what is -3 - -130440?
130432
In base 15, what is 2 - 1ac?
-1aa
In base 6, what is 55 + -412?
-313
In base 13, what is -4 + -191?
-195
In base 8, what is -1 - 7176?
-7177
In base 6, what is 5 + -12255?
-12250
In base 14, what is 1 - -1069?
106a
In base 8, what is 2 - -54?
56
In base 12, what is -5 - -1809?
1804
In base 11, what is 89 - 12?
77
In base 2, what is 101 - 1000000?
-111011
In base 4, what is 310213 + 0?
310213
In base 5, what is 1 - 143?
-142
In base 9, what is 4 + 20?
24
In base 9, what is 3 - 545?
-542
In base 15, what is 0 - 781?
-781
In base 15, what is -c + -77?
-84
In base 6, what is -153 + -3?
-200
In base 3, what is -210000 - 10?
-210010
In base 3, what is 11011 - 11?
11000
In base 4, what is -301 - 10?
-311
In base 15, what is -135 + -2?
-137
In base 13, what is -1 + 1a?
19
In base 11, what is 3 - 911?
-909
In base 2, what is -101001 + -10010001?
-10111010
In base 13, what is -16 + -16?
-2c
In base 9, what is -1 + 7067?
7066
In base 9, what is -381 - -5?
-375
In base 12, what is 1 + 23?
24
In base 15, what is 3 + 33d?
341
In base 11, what is -13a6 - -5?
-13a1
In base 13, what is -76 - 40?
-b6
In base 15, what is -4 + -27?
-2b
In base 16, what is 509 - -4?
50d
In base 12, what is -3 + 92?
8b
In base 4, what is -202 - -33?
-103
In base 10, what is 34 - -1?
35
In base 11, what is -25 + -14?
-39
In base 2, what is -1001011 + 1?
-1001010
In base 2, what is -11010111 - 11?
-11011010
In base 9, what is 603 - -2?
605
In base 16, what is -4 + 35?
31
In base 11, what is -20 + 21?
1
In base 6, what is 1 - 105?
-104
In base 7, what is 0 + -424?
-424
In base 13, what is 8 + -135?
-12a
In base 5, what is -24 - -104?
30
In base 5, what is 300 + 114?
414
In base 6, what is 215 - 15?
200
In base 12, what is 34 + 5?
39
In base 4, what is 3 + -3?
0
In base 5, what is -124 - -24?
-100
In base 2, what is -10111011 + 10110?
-10100101
In base 5, what is 40 - -122?
212
In base 4, what is 3 - 11?
-2
In base 7, what is 513 + 3?
516
In base 12, what is 4 + -58?
-54
In base 2, what is -11 - 1?
-100
In base 7, what is 3 + 5214?
5220
In base 8, what is 2 + -226?
-224
In base 6, what is -3 - 33405?
-33412
In base 8, what is 2 - -5075?
5077
In base 4, what is -11 + -20322?
-20333
In base 14, what is 9a6 + 4?
9aa
In base 5, what is -13 - 112?
-130
In base 7, what is 112 + 4?
116
In base 8, what is -5 - 52?
-57
In base 3, what is 0 - -111?
111
In base 15, what is -4 + 1a04?
1a00
In base 4, what is -3223112 - 0?
-3223112
In base 5, what is 4 + 11041?
11100
In base 15, what is -5 + -295?
-29a
In base 12, what is 15 - 8?
9
In base 4, what is 10033 - 1121?
2312
In base 6, what is -1250 + -1?
-1251
In base 14, what is -a - -8?
-2
In base 11, what is -a6 - 16?
-111
In base 2, what is 10101110010 - 10000?
10101100010
In base 12, what is -2 + 47?
45
In base 5, what is 1 + -1414?
-1413
In base 15, what is 6 + a?
11
In base 12, what is 3 - 3120?
-3119
In base 15, what is -78e + 3?
-78b
In base 6, what is -5 - 100?
-105
In base 9, what is -13837 - -3?
-13834
In base 5, what is 0 + -12022?
-12022
In base 11, what is -22 + -8?
-2a
In base 11, what is -1 + -1543?
-1544
In base 7, what is -260 + -23?
-313
In base 2, what is -10111 - -1100?
-1011
In base 9, what is 30 + -713?
-673
In base 2, what is -101 - 11101100101?
-11101101010
In base 2, what is 1 + -1001000111?
-1001000110
In base 4, what is -1132 + -10?
-1202
In base 8, what is 354 - -2?
356
In base 2, what is 10 + 1101001?
1101011
In base 2, what is -11101110 - 101?
-11110011
In base 2, what is 110 - -110110?
111100
In base 11, what is 4 + 106?
10a
In base 16, what is -18 - 11?
-29
In base 14, what is 51 + -14c?
-db
In base 4, what is -3 - -300?
231
In base 9, what is 0 + 2707?
2707
In base 2, what is 10011100 + 100?
10100000
In base 3, what is -110022 + 2?
-110020
In base 9, what is -25 + 18?
-6
In base 9, what is -3871 - -3?
-3867
In base 9, what is -1080 - 2?
-1082
In base 5, what is 11 + 43?
104
In base 7, what is -1 - -425?
424
In base 4, what is -2303110 - -10?
-2303100
In base 16, what is -4 + 0?
-4
In base 4, what is 22 + 11?
33
In base 7, what is 5 - 444?
-436
In base 15, what is -32 + 0?
-32
In base 16, what is 6c - -1?
6d
In base 9, what is -138 - -2?
-136
In base 13, what is 1 + -20?
-1c
In base 15, what is -69 + 7?
-62
In base 13, what is 4 - -6?
a
In base 12, what is -22 + 34?
12
In base 10, what is -73 - 15?
-88
In base 14, what is -2a - -9?
-21
In base 14, what is -677 - 12?
-689
In base 5, what is 4 - -142?
201
In base 12, what is 25 - 9?
18
In base 13, what is 3 + 156?
159
In base 10, what is -1 + 18?
17
In base 5, what is -13 + -100?
-113
In base 11, what is 5a - -9?
68
In base 15, what is 2e + -24?
a
In base 10, what is -1 + 26?
25
In base 9, what is -2510 + -13?
-2523
In base 12, what is -93a + 2?
-938
In base 10, what is -1 - 1420?
-1421
In base 8, what is -13247 - -4?
-13243
In base 14, what is -1 - -a3?
a2
In base 2, what is 0 + 111?
111
In base 3, what is 101 - -101?
202
In base 7, what is -555 - 4?
-562
In base 14, what is -5 + -6d7?
-6dc
In base 16, what is -324 + 1b?
-309
In base 5, what is 4340 + -34?
4301
In base 15, what is -81 - 5?
-86
In base 9, what is 48 + -370?
-321
In base 16, what is 8 + -3b?
-33
In base 15, what is -2e2 + -15?
-307
In base 2, what is -100011101111 - -10?
-100011101101
In base 9, what is -6715 + -1?
-6716
In base 14, what is 954 - -3?
957
In base 5, what is 313 + 2030?
2343
In base 6, what is -155 - -55?
-100
In base 9, what is 0 + 4548?
4548
In base 7, what is 1 + 101?
102
In base 16, what is -127 - -1?
-126
In base 9, what is -4 + -18?
-23
In base 2, what is -110100110 - 11?
-110101001
In base 3, what is 222000 + -12?
221211
In base 3, what is 1220 + 10?
2000
In base 5, what is 4 + 22103?
22112
In base 16, what is -1 + -21?
-22
In base 6, what is 1 - 305?
-304
In base 15, what is -3ac + 4?
-3a8
In base 14, what is -5 - 64?
-69
In base 2, what is 1100010 - -101?
1100111
In base 15, what is 822 + -2?
820
In base 12, what is -21 + 5?
-18
In base 12, what is a0 + -2?
9a
In base 8, what is 64 - 4?
60
In base 16, what is 32 - -5?
37
In base 15, what is -4 - 71?
-75
In base 15, what is 10 + 25?
35
In base 2, what is 1011 - -101?
10000
In base 15, what is -36ec + 2?
-36ea
In base 13, what is 3 - -56?
59
In base 8, what is -6 - 74?
-102
In base 4, what is 10 - -33?
103
In base 10, what is 3 - -40?
43
In base 8, what is -3533 + -1?
-3534
In base 13, what is 3 - -12b3?
12b6
In base 5, what is 34 - 31?
3
In base 4, what is -11 + -101003?
-101020
In base 3, what is -12 + 111122020?
111122001
In base 6, what is 0 - -1025?
1025
In base 8, what is -2 - -1075?
1073
In base 15, what is 319 - 4?
315
In base 7, what is -11 + -26?
-40
In base 16, what is -5d + 5?
-58
In base 2, what is -1 - 1100?
-1101
In base 2, what is 1 + -100000110?
-100000101
In base 10, what is 1 + -15?
-14
In base 13, what is -84b - -3?
-848
In base 10, what is -1 - -14?
13
In base 8, what is 1 + -1?
0
In base 7, what is 2 - -1652?
1654
In base 9, what is -4 - -8?
4
In base 14, what is 120d + 0?
120d
In base 9, what is -1282 - 2?
-1284
In base 15, what is -49 - 5?
-4e
In base 13, what is 97 - 1?
96
In base 14, what is -10c3 + 1?
-10c2
In base 16, what is -33 - -8c?
59
In base 4, what is 1013 + -1?
1012
In base 8, what is 163 + -5?
156
In base 13, what is -781 - -2?
-77c
In base 5, what is 301 + 10?
311
In base 3, what is -211010 + 0?
-211010
In base 7, what is 23524 + 1?
23525
In base 13, what is 4110 - 1?
410c
In base 7, what is -16042 + -3?
-16045
In base 8, what is -1422 - -14?
-1406
In base 10,